 derivative of b**2/2 + 17*b + 2. Let t be g(-8). Suppose -c = 2*c - t. Let i(k) = -k**3 + 3*k**2 + 3*k - 4. Calculate i(c).
5
Suppose 4*m - 24 = 36. Suppose 0 = -5*g - m - 5. Let a(v) = -v**3 - 3*v**2 + v - 3. Calculate a(g).
9
Suppose -a - 1 + 7 = 0. Let p(c) = 4*c - 6. Let n(s) = -14*s + 3 + 30*s - 18*s. Let h(q) = 5*n(q) + 3*p(q). What is h(a)?
9
Let n(g) = -4*g + 4*g - g**3 - 5*g**2 + 1 - 2*g. Let t be (-8)/(-10) - 63/(-15). Suppose -16 = t*o - o. Determine n(o).
-7
Let l(j) = -j**2 - 6*j - 5. Suppose 3*u - 5*k - 2 = u, -24 = 4*u + 4*k. Give l(u).
3
Let j(x) = x**3 + 3*x**2 - 2*x + 2. Suppose -3*s - 5 = -2*t, -s + 2*t - 2 = -3. What is j(s)?
8
Let g(o) = -1 + 1 + 6*o - o**2 - 6. Let j be (-20)/5 - 3/(-3)*8. What is g(j)?
2
Suppose 3*n - 8 = -0*s - s, 3*n + 4 = 5*s. Let g(y) be the second derivative of 1/6*y**3 - 1/12*y**4 + 0 - 2*y + 1/2*y**s. What is g(3)?
-5
Let l(v) = -6*v - 14 + 134*v**2 + 6 - 133*v**2. Give l(6).
-8
Let d(u) = 4*u - 2*u + u + 2*u**3 - 4 - 5*u**2 - u**3. What is d(4)?
-8
Let g(b) = 0*b - b + 68 - 76. Give g(-6).
-2
Let p(s) = s**3 + s**2 + 2*s. Suppose 0 = -2*v - 4. Let r be 3 + v - 3/1. What is p(r)?
-8
Let g = -69 + 63. Let b(n) = -n**3 - 6*n**2 - 2*n - 5. What is b(g)?
7
Let b be ((-8)/(-3))/(14/(-21)). Let f = 4 + b. Let q(z) = -z**3 + z**2 - z + 2. Give q(f).
2
Let q(p) = -11*p**3 + p**2 + p + 1. Let n be 4/(-2) + 12 - 1. Let z = 8 - n. Give q(z).
12
Let a be 33/(-22)*4/(-3). Let n(f) = 5*f**a + f**3 + f**2 - 93 + 100 + 5*f. Suppose 2*s - 14 = 3*d + s, d - s = -4. Calculate n(d).
7
Let h(m) = -m**2 + 7*m. Let g(d) = -d**3 - 11*d**2 - 12*d - 14. Let i be g(-10). Calculate h(i).
6
Let v(u) = -u**2 + 7*u - 6. Suppose -2*w = -4*o, -3*w - 3*o + 21 = -w. Let a = w + 0. Calculate v(a).
0
Let n(x) = -x + 8. Suppose 0 = 5*r - 3*r. Give n(r).
8
Let z(q) be the third derivative of q**6/120 + q**5/12 - 7*q**4/24 - 5*q**3/6 - 2*q**2. Determine z(-6).
1
Suppose s + 8 = 4*h, -4*s - 4*h - h = -10. Let l(x) = x**3 + x**2 + x + 7. Determine l(s).
7
Let o(d) = 6*d**2 - 2*d + 1. Let u be o(1). Let h(w) = -w**2 + 4*w + 7. Determine h(u).
2
Let n be 1 - (-2 + (-2)/(-2)). Let w(z) = 2*z - 2*z**2 - 51 + z**3 - 4*z + 52. Determine w(n).
-3
Let m(c) be the second derivative of c**4/12 - 5*c**3/6 + 5*c**2/2 - 5*c. Give m(5).
5
Suppose 0 = c - 5 + 10. Let w(g) = 5 + 2*g - 21 + 9. Calculate w(c).
-17
Suppose -14 = -4*q + 10. Suppose -2*a = a - q. Let h(b) = 5*b + 3*b**a - 3*b - 2 + 0. Calculate h(-2).
6
Let b(q) = 15*q**3 - q**2. Let w(k) = k**3 + 6*k**2 - 12*k - 36. Let h be w(-7). What is b(h)?
-16
Let n(g) = -g + 5. Let u be -3 - 0 - (-2 + 3). Determine n(u).
9
Let v(i) = 3*i + 1. Let b = -1 - -1. Suppose f - d + 7 = -2*d, b = -3*f + 5*d + 19. Let m be v(f). Let z(n) = -n**2 - 4*n + 5. Determine z(m).
0
Let x(l) = l**3 - 3*l**2 - 3*l - 2. Let k(i) = -i**2 + 4. Let t be k(0). What is x(t)?
2
Let c(y) be the second derivative of -2*y + 0 - 4/3*y**3 - 1/2*y**2. Give c(-1).
7
Let z(n) = -n**3 - 5*n**2 - 3*n - 4. Let l(t) = t**3 + 11*t**2 - t - 10. Let h be l(-11). Let u(k) = -4*k**2 + k - 1. Let d be u(h). Calculate z(d).
-8
Let c(f) = -f**3 + 9*f**2 - 9*f + 12. Let z be (-1)/((-123)/24 - -5). Give c(z).
4
Let a(y) = -2*y**2 - 2*y - 1. Let n(w) = w**3 - 7*w**2 - 4*w + 27. Let k be n(7). Calculate a(k).
-1
Let h(x) = -x**3 - 2*x**2 + x + 1. Suppose f - 2 = 2*j - 0*j, -j - 2 = 0. Let w be -1*(-2)/f + -1. Give h(w).
-1
Let i(d) = 4*d - 13. Let r(o) = -6*o + 20. Let u(w) = 7*i(w) + 5*r(w). Calculate u(7).
-5
Suppose -3*j - 2*j = 0. Let l(g) = 5 - g + 0*g + 1. Determine l(j).
6
Let f(l) be the second derivative of 3*l**5/20 + l**4/6 - l**3/6 - l**2 - 5*l. Let x(w) = 8*w**3 + 7*w**2 - 3*w - 7. Let z(v) = 7*f(v) - 2*x(v). Determine z(1).
4
Let m(d) = -10*d**3 + d**2 + d - 1. Let h(p) = 19*p**3 - 3*p**2 - 2*p + 2. Let a(t) = -2*h(t) - 5*m(t). Give a(1).
13
Let z(b) = b**2 - 3*b - 6. Let x = 13 - 8. Determine z(x).
4
Let i be 2/3 + 34/(-6). Let z(y) = y**3 - 10*y**2 - 13. Let h(j) = -j**3 + 7*j**2 + 9. Let w(m) = i*z(m) - 7*h(m). Give w(-2).
-10
Let q(v) = 9*v**2 + 7*v**2 - 7*v**2. Give q(-1).
9
Suppose -3*b = 3*w + 3, 4*w - 2*w = 4*b + 10. Let k(m) = m**3 + 2*m**2 - 2. Give k(b).
-2
Let o(n) = -2*n**2 + 3*n + 3. Suppose 5*w - 2*w + 15 = 0. Let p = 1 + w. Let m(s) = s**3 + 4*s**2 - 2*s - 5. Let g be m(p). Calculate o(g).
-6
Let h(f) = 5*f**3 - f**2 - 7*f - 13. Let j = -1 - 2. Let b(s) = -2*s - 4*s**3 + s**2 + 2*s**3 + 5*s + 6. Let z(k) = j*h(k) - 7*b(k). Determine z(-4).
-3
Let p(f) = 2*f - 20 + 6 - 6*f + 6 + f**2. What is p(6)?
4
Let f(q) = -2*q - 4. Let m(k) = -k - 2. Let t(x) = -5*f(x) + 12*m(x). Calculate t(-6).
8
Let c(a) = 11 - 9 - a**2 - a + 8*a + 2*a**2. Calculate c(-6).
-4
Let x be 0 + 3 - 1 - 3 - 8. Let d(r) = r**3 + 8*r**2 - 9*r + 3. Determine d(x).
3
Let i(k) = k**3 - 9*k**2 + 6*k + 3. Suppose -11*t + 5*t = -48. What is i(t)?
-13
Let x(h) = 2*h + 1. Let v(g) = 5*g + 10. Let b(a) = v(a) - 5*x(a). Give b(4).
-15
Let x be ((-2)/1)/((-2)/5). Let u(h) be the first derivative of -h**4/24 - 2*h**2 + 4. Let i(z) be the second derivative of u(z). Determine i(x).
-5
Let c(y) be the first derivative of y**2/2 + 10*y - 50. What is c(-5)?
5
Let s(i) be the first derivative of i**4/12 + i**3/3 - i**2/2 - 3*i - 3. Let t(w) be the first derivative of s(w). Determine t(-4).
7
Let a(s) = 3*s**2 - 8*s + 3. Suppose c = -2*c - 3. Let i(p) = p**2 - p. Let v(b) = c*a(b) + 2*i(b). What is v(3)?
6
Let g(o) = -21*o - 4*o**2 - 3 - 21*o + o**3 + 36*o + 2. Let z be (-37)/(-7) - (-2)/(-7). Give g(z).
-6
Let n be (2 - 1) + 1 + 4. Let a(m) = -m**2 + 4*m. Let l be a(2). Let f(o) = -l*o + 3*o**2 + n + 7*o**2 - o**3 - 5*o**2. Determine f(4).
6
Let y = 80 + -80. Let a(c) be the third derivative of 2*c**2 + 0 + 1/6*c**3 + 7/60*c**5 + 0*c + y*c**4. What is a(-1)?
8
Let j(r) = r**3 + 8*r**2 + 3*r + 3. Let u(x) = x**3 + 8*x**2 + 4*x + 4. Let w(c) = 4*j(c) - 5*u(c). Determine w(-7).
-1
Let t(b) = 15*b. Let z(m) = 6*m. Let s(n) = -5*t(n) + 12*z(n). Give s(-1).
3
Suppose -4*w = 5*q + 100, 2*q + 3*w + 40 = -2*w. Let m = 15 + q. Let g(a) be the first derivative of a**4/4 + 2*a**3 + 7*a**2/2 + 3*a + 1. Determine g(m).
-7
Suppose -2*z - 7 = -5*x + 9, -4*z + 20 = 3*x. Let r(a) = -a**2 + 4*a + 1. Give r(x).
1
Let z be 30/12*(0 - 0 - -2). Let f(m) = -m + 7. Let o(d) = -4*d + 28. Let i(a) = 9*f(a) - 2*o(a). What is i(z)?
2
Let c(m) be the third derivative of -m**5/60 + 7*m**4/24 + m**3/3 - 2*m**2. Let v(j) = -2*j - 2. Let q be v(-4). Give c(q).
8
Let x(a) be the second derivative of -a**3/6 + 3*a**2 - 6*a. Let o(f) = -f + 7. Let y(p) = 4*o(p) - 5*x(p). Calculate y(0).
-2
Let y = 17 + -30. Let r = -10 - y. Let i(q) = q - 3 + 0 + 0*q. Determine i(r).
0
Suppose -3*f + 2*p + 2 = 0, 3*f - 5*f - 3*p = -10. Let q(a) = 2*a - 1 - 9*a + f + a**2. Calculate q(6).
-5
Let d(u) be the second derivative of u**5/60 - u**4/12 + u**3/3 - 5*u**2/2 + 2*u. Let a(f) be the first derivative of d(f). What is a(2)?
2
Let f(g) = g - 1. Let z(k) = -k**3 - 2*k**2 - k. Let u be z(0). Determine f(u).
-1
Let x(v) be the third derivative of -v**5/60 + v**4/4 - v**3 + 4*v**2. Let c be x(6). Let i(h) = -h**2 - 7*h - 5. What is i(c)?
1
Let w(u) be the third derivative of u**4/24 - 3*u**3/2 - 6*u**2. What is w(4)?
-5
Let m(t) be the first derivative of t**7/840 + 5*t**4/24 + t**3 + 1. Let c(s) be the third derivative of m(s). What is c(0)?
5
Let k(n) = -2*n**2 - 4*n + 3. Suppose -2 - 6 = -4*m. Calculate k(m).
-13
Let q(u) = u**2 - u + 2. Let x be 3*-5*10/(-75). Calculate q(x).
4
Let l(q) = q**2 - 1. Let s be 1 - 0 - 39/13. What is l(s)?
3
Let n = 13 + -9. Suppose -4 = 4*d + n*w, -16 = -3*d - 2*d + 2*w. Let y = 0 - d. Let s(t) = -t**3 - 4*t**2 - 2*t - 1. Calculate s(y).
-5
Suppose -5*o = -o. Let l(c) be the second derivative of 1/20*c**5 + 0*c**4 + c**2 + 1/6*c**3 + 0 + 7*c. Calculate l(o).
2
Let z(b) = -2*b**2 + 3*b - 1. Let n(i) = 7*i**2 - 3*i + 3 - 13*i + 8*i. Let y(f) = -3*n(f) - 8*z(f). Give y(-1).
-6
Let v(o) = -5*o**2 + o**3 + 2*o**2 - o**2 + o + 3 - 2*o. Let a be v(4). Let t(c) = 5*c**3. Calculate t(a).
-5
Let q = -9 + 14. Let c(h) be the second derivative of 1/2*h**2 + 1/12*h**4 - 2/3*h**3 + 0 + 2*h. What is c(q)?
6
Let w(v) = -v**2 + 8*v - 6. Let i(g) = 10*g - 33. Let h be i(4). What is w(h)?
1
Let s(k) = 12*k*